Let q(r) = -r**2 + 4*r + 7. Let g be q(5). Suppose 0 + 2 = f. Let o(b) = -b**f + g*b**2 - 2*b - 3 + 7*b. Determine o(-5).
-3
Let u(g) = -2*g + 2. Let i(h) = -2*h**3 - 2*h**2 + h - 2. Let o be i(-2). Calculate u(o).
-6
Let k(u) = 9*u**3 - 12*u**2 - 21*u - 11. Let l be (-10 - (-4 + 5))*1. Let s(q) = -5*q**3 + 6*q**2 + 11*q + 6. Let f(n) = l*s(n) - 6*k(n). Calculate f(-5).
0
Let m(o) = 4 + 8*o - o - 3. What is m(1)?
8
Let d(b) = -b - 2. Let g be d(-4). Let i(q) = -8 + 2*q**2 + 0*q**2 - 3*q**g - 2. Calculate i(0).
-10
Let d = 0 + 3. Let h(n) = 4*n**2 - 3*n + 2. Let f(s) = 2*s + 11*s**2 - 6*s**2 - 8*s**2 - 3. Let y(t) = d*f(t) + 2*h(t). What is y(0)?
-5
Let w = -3 - -2. Let v(j) = -j**3 - j - 1. Let m(a) = -a**2 + 7*a + 1. Let b be m(6). Let t(o) = -2*o**3 - o - 1. Let i(f) = b*v(f) - 6*t(f). What is i(w)?
-5
Suppose 0 = 2*v - 5*v + 15. Let d(p) = -p**2 - 3*p + v - 4 - 2*p. Let a = 2 + -6. Give d(a).
5
Let c(o) = -o**3 - o - 1. Let j(u) = -u**2 - 7 - 2*u**3 - 2*u**3 + 8. Let s(v) = 2*c(v) + j(v). What is s(-1)?
6
Suppose 3*n + n - 14 = 2*d, 4*n = -5*d + 7. Let h(x) = x**n + 49 - 2*x**3 - 51. Give h(-2).
6
Suppose -4*r - 4 = -3*r. Let z(b) = -b**2 - 2*b + 6. Let l be z(r). Let d(i) = 3*i**2 + 3*i. Give d(l).
6
Let t(n) = -n**3 - 6*n**2 + 7*n - 7. Let h = -26 - -19. Give t(h).
-7
Let o(l) = -l**3 + 7*l**2 - 6*l + 4. Let p be o(6). Suppose 10 = 3*u + p. Let d(n) = n**2 - 2*n + 2. Determine d(u).
2
Let l(w) = -21*w + 19. Suppose 0*y - 4*y + 4 = 0, 0 = 2*o + 2*y - 10. Let i(z) = -5*z - 3*z + 3*z + z + o. Let h(p) = 11*i(p) - 2*l(p). Determine h(4).
-2
Let o(n) = -n**2 - 3*n + 5. Let m(l) be the second derivative of l**3/6 - 5*l**2 + 3*l. Let i be m(6). Give o(i).
1
Let c(x) = 8*x**2 + 2*x + 1. Let v be (78/8)/((-36)/96). Let p = -27 - v. What is c(p)?
7
Let i(u) = u**2 + 16*u + 18. Let b be i(-15). Let t(v) = 3*v. Give t(b).
9
Suppose -31*w + 41 = 165. Let c(f) be the second derivative of -2*f**2 + f - 1/3*f**3 + 0. Calculate c(w).
4
Let p(s) = s**2 + 8*s - 3. Let o(g) = g**2 + 9*g - 4. Let n(h) = -4*o(h) + 5*p(h). Let i(b) = -b**3 - 9*b**2 + b + 5. Let c be i(-9). Determine n(c).
1
Let i(c) = c - 2 + 2*c**2 + 2 - 2*c**3. Suppose 0 = 3*l - 2*g + 6*g + 14, 2*g = -10. Determine i(l).
-6
Let w = -5 + 6. Let f be 7 + (1 - w) + -2. Let v(m) = m**2 - 8*m + 7. Give v(f).
-8
Let g = -9 - -17. Let a(b) = -b**3 + 8*b**2 - b + 5. Calculate a(g).
-3
Let u(s) = s**3 + 6*s**2 - 9*s - 1. Let f = -82 - -75. What is u(f)?
13
Let b(k) = k**3 - k. Let n(c) = -c**3 + 4*c**2 - 2*c - 1. Let p be n(3). What is b(p)?
6
Let w(n) = -n**2 - 6*n. Let j be w(-6). Let x(z) = -2*z - 11. Let p be x(-6). Let a = j + p. Let q(m) = 7*m. Determine q(a).
7
Let w(t) = t**2 + 7*t + 9. Let r be w(-8). Let s = -18 + r. Let a(y) = -10*y**3 - 4*y + 1. Let b(v) = v**3 + v - 1. Let o(h) = -a(h) - 2*b(h). Calculate o(s).
-9
Suppose -o - 5*q + 27 = -0*o, 10 = -5*o + 4*q. Let j(h) = h**o + 1 + 7*h - 3*h - 2*h. Suppose 4 = -5*t - 11. Give j(t).
4
Let y(v) = v**2 + 2 + v**3 - 3*v**2 + v**2 + 0*v**3 - 2*v. Give y(2).
2
Let g(w) = 2*w - 4. Suppose q + 4*y = y - 4, q + 5*y = -8. Suppose -16 = 3*x - 0*x + 5*i, 2*i - q = 3*x. Let l be (x + -1 - -2)*-3. Determine g(l).
2
Let p(h) = -3 - 159*h**2 - 2*h + 158*h**2 + 1 - 4*h. What is p(-5)?
3
Let w be 10/8 + 2/(-8). Let k be 0*1/2*w. Let s(r) = 5*r**2 + 6*r. Let i(g) = 4*g**2 + 5*g + 1. Let l(b) = -6*i(b) + 5*s(b). Calculate l(k).
-6
Let f(b) be the second derivative of -b**5/20 + b**4/2 + b**3/2 - 4*b**2 + 5*b. Determine f(6).
10
Let w(p) = 3*p**2 - 3*p. Suppose -5*f - 4*r + 10 = 27, 5*r = f - 14. Let g = 1 - f. Give w(g).
6
Let l(i) be the third derivative of i**6/120 - i**5/12 - i**4/24 - i**3/6 + 7*i**2. Let t = 13 - 8. Give l(t).
-6
Let q = 186 - 181. Let y(o) = o**2 - o + 4. Calculate y(q).
24
Let v(n) = n**3 + 6*n**2 + 5*n + 2. Let b be v(-5). Let t(y) = y - 6*y + 6*y - 4. Calculate t(b).
-2
Let o(w) = -3*w + 2. Let t be 3 - 3/(6/(-4)). Suppose 0 = 5*k + 5 + t. Give o(k).
8
Let y(g) = -g**2 - 5*g - 2. Let v be y(-5). Let i(n) = 2*n**3 + 4*n**2 + 3*n + 1. What is i(v)?
-5
Let m(f) = f**3 - 5*f**2 + f - 2. Let v be 2*(4 - (-3)/(-2)). What is m(v)?
3
Let z(d) = -5 + 7*d - d**2 + d**2 - 2*d**2. Let p(r) = 5*r**2 - 1. Suppose 3*f = 3 - 6. Let c be p(f). Calculate z(c).
-9
Let h = 6 - 6. Suppose 3*p + 30 = 4*g, -5*g + 45 = -5*p - h*g. Let u(i) = i + 1. Calculate u(p).
-5
Let a(n) = n**2 + 5*n + 2. Let h be a(-5). Let f be (-1)/(3*h/18). Let b be -5*f/((-15)/4). Let k(c) = c**2 + 4*c + 2. What is k(b)?
2
Let c = 4 + -3. Let x(n) = -n + n**2 - 4*n**2 - n - 10*n**2 + 7. Let q(t) = -6*t**2 - t + 3. Let g(f) = -5*q(f) + 2*x(f). Calculate g(c).
4
Let s be (10 + 4 - -4)/1. Let q be s/(-4)*(-28)/(-21). Let a(o) = -o**3 - 7*o**2 - 8*o - 1. Determine a(q).
11
Let g(a) be the second derivative of a**4/6 + a**3/2 + 3*a**2/2 + 7*a. Give g(-2).
5
Let n(m) be the second derivative of -1/3*m**3 + 3/2*m**2 - 1/12*m**4 + 2*m + 0. Calculate n(-4).
-5
Let q(k) = -k**2 + 13*k + 14. Let o be q(14). Let u(s) be the second derivative of 9/2*s**2 + 3*s + 1/6*s**3 + o. What is u(-4)?
5
Suppose 4*t = 6 + 2. Suppose 3*i = 2*y + t + 13, 4*y = 0. Let s(b) = b**3 - 6*b**2 + 4*b + 1. What is s(i)?
-4
Let q be 1/(-4) - (-95)/(-20). Let p(k) be the third derivative of k**6/120 + k**5/12 + k**4/12 + 2*k**3/3 - 3*k**2. What is p(q)?
-6
Let o(w) = -w + 1. Suppose 0 = 5*i + 5*l - 20, -60 - 1 = -4*i + 5*l. Let z = i + -8. Calculate o(z).
0
Let v(f) = -5*f + 5 + 4*f - 1. Give v(7).
-3
Let r(n) = n**3 - 3*n**2 + 4*n - 2. Let y(o) = -3*o**3 + 5*o**2 - 8*o + 3. Let m(p) = -5*r(p) - 2*y(p). Suppose -4*i - 30 = i. What is m(i)?
-8
Suppose 0*k = -5*k - 5, -3*m + 5*k = -11. Let v(p) = p**2 + 3 + 0 + 7*p - 2*p - m. Give v(-2).
-5
Let k = 1 - -1. Let y(j) = 3*j + 4 - 5*j - k*j**2 + j**3 + j - 4*j. Give y(3).
-2
Let q(x) be the third derivative of x**5/60 - 3*x**4/8 + x**3/3 + 6*x**2. What is q(7)?
-12
Let f(a) = -2*a**3 - a - 1. Let g be (-4)/3*3 - -3. What is f(g)?
2
Let r(h) = -h**2 + 3*h + 1. Let z(g) = g**3 + 12*g**2 + 22*g + 25. Let p be z(-10). Calculate r(p).
-9
Suppose 0 = 5*o - 0*o + 25. Let w(g) = 10*g - 12*g + 6 + 4*g. Calculate w(o).
-4
Let u(y) be the second derivative of y**4/12 + 5*y**3/6 + 2*y**2 - y. Suppose 0 = -b + 2*b - 6. Let o(c) = -c + 1. Let m be o(b). What is u(m)?
4
Let b(z) = -z**3 + 2*z**2. Let t(w) = 2*w**3 - 3*w**2. Let n(l) = 4*b(l) + 3*t(l). Suppose -3*d = 1 + 2. What is n(d)?
-3
Suppose z - 5*a = -4, -6 = -4*z - a - 1. Let m = 5 - z. Let f(n) = n - 7. Determine f(m).
-3
Let s(u) = 2*u**3 - 5*u**2 + 6*u - 13. Let x(b) = b**3 - 3*b**2 + 3*b - 6. Let r be (2/7)/((-13)/(-91)). Let d(i) = r*s(i) - 5*x(i). Determine d(3).
13
Let b(r) be the first derivative of -r**2/2 + 4*r - 11. Give b(-4).
8
Let k(z) = 10 + z**3 - 8 - 3*z + 2*z**2 - 6. Suppose 5*j + 0*v + 4*v = -15, -v - 15 = 5*j. Determine k(j).
-4
Let m(q) = 2*q + q**3 + 946*q**2 - 3*q - 955*q**2 + 2*q - 1. What is m(9)?
8
Let w(t) = -4 - 2*t + 0*t + t + t**2. Let y(a) = a**2 - 3*a - 3. Let z be (-36)/(-10) + (-18)/30. Let b be y(z). Calculate w(b).
8
Suppose 5*o + 3*d = -21, 12*d = -2*o + 15*d - 21. Let y(j) = -j**2 - 6*j + 5. Determine y(o).
5
Let a(w) be the first derivative of -w**2/2 + 3*w + 2. Let f be 140/(-21) + 4/6. Let d(x) = x - 3. Let g(k) = f*a(k) - 5*d(k). Give g(-3).
-6
Let y(o) = 5*o**2 + o - 5. Let z(r) = 9*r**2 + r - 9. Let h(v) = 7*y(v) - 4*z(v). Determine h(-2).
-9
Suppose -5*y + r + 18 = 0, -3*y = -0*y + 2*r - 3. Let t be y/5 - 66/(-15). Let x(l) = -3*l - t*l**2 + 3*l - l. What is x(1)?
-6
Let z(u) be the third derivative of u**9/60480 + u**8/20160 - u**6/72 + u**5/20 + u**2. Let a(k) be the third derivative of z(k). Give a(0).
-10
Let b(y) = 4*y**3 - 2*y**2 + 1. Let d be b(-1). Let i(r) = 2*r + 10. Let p(v) = -2*v - 11. Let u(f) = -4*i(f) - 3*p(f). Calculate u(d).
3
Let l(k) = -k. Let h = -58 - -61. Calculate l(h).
-3
Let b(p) = 16*p - 22*p + 11*p + p**2 - 5. What is b(-6)?
1
Let u = -10 - -3. Let h(i) = -i - 4. Let m be h(u). Let f(g) = -4 - g**2 + 6 - g**m - 2*g**2 + g + 2*g. Calculate f(-4).
6
Let z(n) = -n**3 - 10*n**2 - 2*n - 4. Suppose -5*x = 4*w + 21, -3*x - 3 = -w - 4. Let h(i) = -i**3 - 9*i**2 - 2*i - 5. Let j(k) = w*h(k) + 3*z(k). Give j(-6).
-4
Let q(y) = -17 + 9*y - 6*y**2 + 3 + 22 - y**3.